= -4*m - 247, -3*d - 4*m + 25950 = 0. Calculate the highest common factor of 58 and d.
58
Let g(q) = -q**3 - 4*q**2 - 4*q - 2. Let u be g(-3). Let w be (-49)/14 + 7 + u/(-2). What is the highest common factor of 7 and w?
1
Let t be (2*-1)/(-2) - -10. Let x = 48560 + -48461. Calculate the highest common divisor of t and x.
11
Suppose -19*b + 158 = 25. What is the greatest common factor of b and 1757?
7
Let v be -4 + (-42)/(-6) - (16 - 73). What is the greatest common divisor of 3020 and v?
20
Let j be (-148)/(-16) + 850/(-680). Let d(c) = 14*c + 6. Let m be d(5). Calculate the greatest common divisor of m and j.
4
Let v(s) = 3*s**2 + 373*s - 4708. Let x be v(-136). Let m(q) = 51*q + 4. Let w be m(4). Calculate the greatest common divisor of w and x.
52
Let q(s) = -s**3 + 3*s**2 + 12*s - 6. Let n be q(5). Suppose -3 + 28 = 25*r. Calculate the greatest common divisor of r and n.
1
Suppose -4*l + 5 = -11. Let z be (40/(0 - l))/(1/(-20)). What is the greatest common factor of 80 and z?
40
Let k(u) = -23*u - 6146. Let j be k(-268). Suppose 2*s + 2*l = 6*l + 184, -4*s + 5*l + 383 = 0. Calculate the greatest common divisor of j and s.
6
Suppose -72*u + 59*u + 2561 = 0. Suppose 4*s - 34 = -m, -4*s = 4*m - u + 73. What is the greatest common divisor of m and 75?
15
Let j(z) = 6*z + 6. Let b be (-1 + 10)*(-4 - -5) - -1. Suppose -13 = -3*l - b. Let k be j(l). Calculate the highest common factor of k and 36.
12
Let k(c) = 17*c**3 + 3*c**2 - 70*c + 286. Let h be k(5). Calculate the highest common factor of 8 and h.
8
Let i(r) = -8*r + 2. Let a be i(-3). Let n = 452 + -842. Let q be (((-50)/(-15))/(-5))/(4/n). What is the highest common factor of a and q?
13
Let z(d) = -d - 2. Let o(q) = -2*q + 1. Let i be o(-13). Let j be (-2)/9 - (-87)/i - 8. Let x be z(j). Calculate the highest common divisor of x and 9.
3
Let a(l) = 660*l + 5283. Let t be a(-8). Calculate the highest common factor of t and 13557.
3
Suppose -30*v - 4*m = -190, -5*v - 34*m + 30 = -33*m. Calculate the highest common factor of 24752 and v.
7
Suppose r + 0*r = -5*p + 131, -r + 23 = p. Suppose -5*l + 50 = -5*z, 25 = -0*z - 5*z. Suppose -l*f + p = -23. What is the greatest common factor of 80 and f?
10
Let w be 2 + 9 + (-18 - -3121). What is the highest common factor of 180 and w?
18
Let n be (9/2 + 0 + -5)*-40. What is the highest common factor of 670 and n?
10
Let v(l) be the second derivative of 14*l**3/3 - 3*l**2/2 + 212*l. Let f be v(8). What is the greatest common divisor of f and 17?
17
Let f(v) = 6 - 6*v + 20 + 2*v**2 - 8*v - 7*v. Let k be f(14). Calculate the greatest common factor of 62 and k.
62
Let o be 7 + (-1 + 0)*8 - -4. What is the greatest common factor of o and 693?
3
Suppose 18 = -5*m + 73. Let z(h) = -h**3 + 10*h**2 + 26*h + 10. Let s be z(m). What is the greatest common factor of s and 70?
35
Suppose -3*a - 2*v = -18329, -50*v + 12223 = 2*a - 45*v. Calculate the highest common factor of 298 and a.
149
Let j(y) = -2*y**3 - 11*y**2 - 5*y + 3. Let h be j(-5). Suppose -38*f + 25*f + 2301 = 0. Calculate the highest common factor of f and h.
3
Let u(l) = 3*l - 7. Let r be u(1). Let d(c) = 5*c**2 + 5*c + 3. Let h be d(r). Let j be 292/18 - (-2 + 140/h). Calculate the highest common factor of 12 and j.
4
Suppose -10*x = -8*x. Let m be 8*1 + x/4. Let i = 11 - m. What is the highest common divisor of 3 and i?
3
Let x be 80/440 - 2411/11. Let l = 81 - x. Calculate the greatest common factor of 60 and l.
60
Suppose -6 = -2*j - j, 5*v - 3*j = 29. Let h be (-470)/(-15) + v/(-21). Calculate the highest common factor of 403 and h.
31
Let j = -232 - -231. Suppose z - 1 = 3. Let c be z - (-15)/(5/j). What is the highest common divisor of c and 7?
1
Suppose 266*j - 4234 = -44*j + 3206. Let y be (-36)/((12/(-21))/4). What is the highest common divisor of j and y?
12
Let h be -1*(33836/(-22) + -14*(-4)/8). Calculate the highest common factor of h and 1.
1
Suppose 2*r - 442 = 11*n, 2*r = -5*n - 164 + 574. What is the greatest common divisor of 405 and r?
15
Let q = 127 + -39. Let f(j) = -10*j - 39. Let i be f(-5). What is the greatest common factor of i and q?
11
Let n be (846/(-36) + 21)*((2 - 264) + 0). Calculate the highest common divisor of n and 1703.
131
Let r be ((-5537)/(-27) + 30/(-405))*1. Suppose -5*i + 1207 - 387 = 0. What is the greatest common divisor of r and i?
41
Let o = -751 + 1556. Suppose -o = -4*j - 205. Let a(v) = 2*v**3 + 14*v**2 - 7*v + 51. Let s be a(-7). Calculate the greatest common divisor of s and j.
50
Let n = -103 - -105. Let a be (-4 + 8)*16 + n. Calculate the greatest common divisor of a and 6.
6
Let n be -3*(1 + (4 - 285/9)). Let w = 116 - n. Let d be 456/w*(3 + 0). Calculate the greatest common divisor of d and 19.
19
Let k be (4/9)/(10/45). Suppose k*g = -14 + 24. Suppose -4*y - 1 - 4 = 3*l, -18 = -3*y + g*l. Calculate the highest common divisor of y and 7.
1
Suppose 120*q = 112*q + 23600. What is the highest common divisor of q and 50?
50
Suppose 4*w + 124 = 90*u - 86*u, u = -2*w + 34. Suppose -4*c - 3*a = -c - 3540, -4*a + 5904 = 5*c. What is the highest common factor of c and u?
32
Let q(i) = -5*i - i**3 + 18*i**2 - 9 - 1 - 21*i**2. Let m be q(-3). Suppose 8 = 4*b, -1376 = -m*y + b - 443. Calculate the greatest common factor of 11 and y.
11
Suppose -18*s = -4*p - 13*s + 491, 4*p + s - 521 = 0. What is the highest common divisor of p and 2150?
43
Suppose 3771 = 28*y + 71251. Let f = 3895 + y. Calculate the highest common factor of 33 and f.
33
Let u be (0 + 1*6)*3. Let x(r) = -13*r**2 - 142*r - 16. Let v be x(-13). Let l = v + 439. What is the highest common divisor of l and u?
18
Let z be -5 - (243/(-216)*10116 + (-1)/2). Calculate the greatest common divisor of z and 288.
144
Let g(o) = -8*o**2 - 334*o + 98. Let r be g(-42). Suppose -2*c + 6*b = b - 120, 2*c - 128 = 3*b. Calculate the highest common divisor of c and r.
14
Let i = 7220 - 7092. What is the highest common factor of i and 9344?
128
Let x be -3 + 33/15 - 2233/(-35). What is the highest common factor of 3339 and x?
63
Let x = 9729 + -3104. What is the highest common factor of 125 and x?
125
Let y(i) = 11*i**2 + 99*i - 1331. Let j be y(15). Calculate the highest common divisor of 11 and j.
11
Let v be 30 + -36 + 5/((-10)/(-78)). Let r(m) = 2*m**2 - 17*m + 11. Let x be r(8). Calculate the greatest common divisor of x and v.
3
Let c(g) = g**2 + 259*g + 1040. Let v be c(-4). Suppose 5*l - 494 = -2*f, -l - f + 3*f = -106. Calculate the greatest common divisor of l and v.
20
Let w be (-5 - 2)*(-2 - (3 + 2)). Suppose w + 426 = -5*z. Let s = 110 + z. What is the greatest common divisor of 6 and s?
3
Let l be (-24 + 1)/(((-8)/42)/((-464)/(-348))). Calculate the greatest common divisor of 2 and l.
1
Let x = -328 - -332. Suppose 0 = -4*o - 5*s + 213 - 78, 3*o + x*s - 100 = 0. What is the greatest common factor of 15 and o?
5
Let i = 756 - -1365. Calculate the highest common factor of i and 189.
21
Suppose 0 = 6*w - 1201 - 2147. Suppose -918 = -3*j - w. What is the greatest common divisor of 165 and j?
15
Suppose -u - 17 = -r, -4*r = u - 42 - 46. Let b = -1192 + 678. Let m = -325 - b. Calculate the greatest common divisor of r and m.
21
Let a = -1200 - -1255. Calculate the greatest common factor of a and 9845.
55
Let b be 11/(3*(-2)/78*-1). Suppose 3*u - 8 + 23 = 0. Let h = u + 18. Calculate the greatest common factor of b and h.
13
Let p = 197 + -198. Let o(j) = 15*j**2 + 3*j + 2. Let h be o(p). Calculate the highest common factor of 14 and h.
14
Let w be 49/14*(-16)/14 - -97. What is the greatest common divisor of 31 and w?
31
Let o(f) = -24*f + 700. Let p(r) = 5*r - 140. Let b(l) = -3*o(l) - 16*p(l). Let y be b(15). What is the highest common factor of 6 and y?
2
Let i be ((-18804)/(-114) + (-3)/(-57))*4/10. What is the highest common divisor of 228 and i?
6
Let i = 208 - 200. Suppose -12*t = -i*t - 132. Calculate the greatest common factor of 99 and t.
33
Let d(b) = -9*b - b**2 + b + 4 - 4*b - b. Let q be d(-6). Calculate the highest common divisor of 115 and q.
23
Suppose -2*c + 4*j = -68, 13 = -3*c - 3*j + 106. Let n be -240*2*1/(-6). Calculate the greatest common divisor of c and n.
16
Let y = 184 - 333. Let p = y + 163. What is the greatest common factor of p and 70?
14
Let c = -551 + 643. Calc